19a1044 (base 12) in base 2?
10100101110110011110100
What is -5131501 (base 6) in base 10?
-245341
Convert -23125020 (base 6) to base 12.
-2a3770
Convert -c5052 (base 15) to base 4.
-2120131010
136470 (base 12) to base 6
10523020
What is 79686 (base 11) in base 8?
341126
What is -75090 (base 10) in base 5?
-4400330
Convert 4011324333 (base 5) to base 9.
15806646
What is -100220211021 (base 3) in base 13?
-6ab3a
What is -1248099 (base 10) in base 2?
-100110000101101100011
-1253751 (base 10) to base 8
-4620567
Convert -452402 (base 11) to base 5.
-141024212
Convert 466515 (base 9) to base 10.
280355
What is 4e60c (base 16) in base 3?
121022101020
What is -bd8a4e (base 16) in base 4?
-233120221032
2c0b8 (base 14) to base 7
635321
What is -1001001101100100111 (base 2) in base 14?
-7c019
What is db60bb (base 14) in base 7?
120106324
What is 3782768 (base 12) in base 6?
1024553012
What is -12d6c26 (base 14) in base 12?
-307b92a
What is 21442032 (base 7) in base 6?
103253020
Convert 10110000000100101101110 (base 2) to base 16.
58096e
173579 (base 13) to base 15
b673b
What is -56c003 (base 13) in base 2?
-111110101100000110110
Convert -10502344 (base 7) to base 5.
-213032233
What is -1000101101000011100011 (base 2) in base 8?
-10550343
-20103303223 (base 4) to base 13
-5b3633
-8d2b1 (base 14) to base 10
-343547
b051 (base 12) to base 7
106411
What is 2132122202 (base 4) in base 16?
9e6a2
Convert -3443316 (base 7) to base 6.
-13123120
What is 1411607 (base 8) in base 2?
1100001001110000111
What is 5212 (base 10) in base 7?
21124
-2447508 (base 9) to base 11
-829973
-11231021032 (base 5) to base 4
-300221020200
What is 32b770 (base 13) in base 7?
13112112
-2034312 (base 6) to base 7
-556145
Convert -1132203021 (base 4) to base 9.
-650213
Convert 2143287 (base 12) to base 3.
102212112202111
Convert 18ded1 (base 16) to base 12.
667295
Convert 500005 (base 13) to base 7.
21531310
1011000011010111 (base 2) to base 7
245662
What is -87534 (base 10) in base 14?
-23c86
10940b (base 14) to base 10
563315
129889 (base 10) to base 9
217151
b654 (base 15) to base 12
1a38a
-22012221020 (base 3) to base 4
-213133332
What is -201111101202 (base 3) in base 4?
-1131230000
What is -51647 (base 16) in base 2?
-1010001011001000111
-10220021000000 (base 3) to base 7
-23416200
Convert 61487 (base 11) to base 16.
15e9c
What is 143402034 (base 5) in base 12?
309501
Convert -144024111 (base 5) to base 14.
-15d94a
What is -363209 (base 14) in base 3?
-10111010021212
222200102202 (base 3) to base 4
2000032031
-14947b (base 13) to base 3
-221201020000
Convert 258864 (base 10) to base 4.
333030300
Convert 12037 (base 10) to base 6.
131421
What is -58348 (base 9) in base 3?
-1222101122
Convert 14143135 (base 6) to base 4.
1311033203
What is -4b551a (base 15) in base 4?
-31301323300
What is 4476897 (base 11) in base 4?
131322203023
-45928 (base 16) to base 14
-75bcc
-5667342 (base 8) to base 9
-2800538
What is -12455514 (base 6) in base 9?
-687261
What is -16a77 (base 16) in base 13?
-3330a
What is 2434133 (base 5) in base 4?
23101120
What is -11000000001011100000010 (base 2) in base 9?
-12757301
Convert 8950552 (base 10) to base 15.
bbc037
What is 1629e2 (base 15) in base 6?
34551252
-1464372 (base 10) to base 13
-3c36c0
What is -111110000011011101 (base 2) in base 16?
-3e0dd
-10123330 (base 4) to base 12
-a624
Convert -20838ab (base 14) to base 3.
-1001221012101111
Convert 32022100103 (base 4) to base 5.
1422241034
Convert -1042042121 (base 5) to base 3.
-11022211112122
Convert 3224258 (base 11) to base 14.
a78d32
-111011001101101001000 (base 2) to base 7
-22330561
1d4ec (base 15) to base 8
272606
What is 230119 (base 12) in base 2?
10001000101110100101
Convert -10102301103 (base 4) to base 16.
-112c53
What is -213049 (base 15) in base 5?
-401021234
What is 64557 (base 13) in base 8?
541517
52d6 (base 15) to base 5
1030101
What is -11101021101 (base 3) in base 11?
-59863
What is -11551420 (base 6) in base 9?
-626653
What is 2002020 (base 4) in base 8?
20210
Convert 1531b5 (base 13) to base 16.
7f32e
Convert 1451264 (base 7) to base 3.
101000201222
2ab933 (base 14) to base 6
51550253
-2162022 (base 11) to base 7
-44153165
-16135 (base 8) to base 2
-1110001011101
Convert 32140033 (base 5) to base 10.
271268
Convert -21681f (base 16) to base 12.
-896b93
Convert -4552067 (base 10) to base 5.
-2131131232
What is -100002031 (base 4) in base 7?
-362323
-110011001011111 (base 2) to base 12
-131bb
-24314426 (base 8) to base 2
-10100011001100100010110
Convert -22211151 (base 6) to base 15.
-d392a
Convert 727621 (base 11) to base 16.
11cd71
275356 (base 16) to base 10
2577238
What is -10022332 (base 5) in base 7?
-451261
What is -59a5 (base 12) in base 16?
-274d
Convert -3387109 (base 10) to base 13.
-91790b
Convert -272843 (base 11) to base 7.
-3432406
1ba373 (base 12) to base 13
14424c
-9748c8 (base 15) to base 8
-33366616
Convert -10011002121 (base 3) to base 4.
-33021103
-424561 (base 9) to base 5
-31041234
1314455 (base 6) to base 10
72323
Convert -63433 (base 12) to base 7.
-1051431
Convert 2064a (base 11) to base 7.
153434
Convert 68514 (base 11) to base 9.
160856
Convert 15110433 (base 6) to base 13.
153a59
What is -12e950 (base 15) in base 12?
-37a733
121a56 (base 11) to base 3
100210122202
-3165526 (base 11) to base 3
-101111000210110
What is -2021111210200 (base 3) in base 2?
-100100111100101100101
Convert 142259 (base 11) to base 5.
24110313
Convert -d2d6b (base 15) to base 2.
-10100011000011111101
131422a (base 11) to base 9
4246575
Convert 8102758 (base 10) to base 16.
7ba366
Convert -1cd3e (base 15) to base 16.
-16f9d
220323133 (base 4) to base 12
81027
Convert -334032 (base 8) to base 14.
-2d0b8
534250 (base 7) to base 5
10431433
143939 (base 11) to base 12
aa083
-34310 (base 8) to base 11
-aa15
1110110010100011011 (base 2) to base 13
13c788
Convert 4200032211 (base 5) to base 9.
17151354
What is 953cb (base 14) in base 12?
154573
-3134505 (base 6) to base 10
-152681
What is 271832 (base 9) in base 2?
101000011000110111
What is 795a15 (base 12) in base 3?
10122111011222
Convert -763740 (base 8) to base 2.
-111110011111100000
What is 1488e (base 15) in base 3?
10100121122
3c4aff (base 16) to base 14
74bddd
What is 155455453 (base 7) in base 3?
201212002112201
What is -604c (base 15) in base 2?
-100111101100010
5a294a8 (base 12) to base 5
13433212333
23422050 (base 6) to base 3
1101021212010
What is 1002112022110 (base 3) in base 12?
240449
Convert -45133451 (base 6) to base 7.
-14415040
-121201002102101 (base 3) to base 13
-1abb436
-10296 (base 11) to base 13
-6a8c
Convert 131330331012 (base 4) to base 7.
123511452
Convert 10020002200 (base 3) to base 8.
174007
-284438 (base 10) to base 6
-10032502
-604634 (base 11) to base 5
-222104033
What is 6676 (base 15) in base 7?
120204
231473 (base 10) to base 7
1652564
24022312 (base 5) to base 14
5a420
Convert 20a41b (base 15) to base 6.
53143442
Convert -10000002121100 (base 3) to base 11.
-9a02a1
-100111010100110111100 (base 2) to base 6
-43341524
-12102122100 (base 3) to base 8
-320626
Convert -219341 (base 11) to base 5.
-42133010
Convert 332021200 (base 6) to base 12.
2001800
What is 25333352 (base 6) in base 2?
11001000011110100100
-131220011 (base 4) to base 11
-83198
What is -102100102020122 (base 3) in base 13?
-1332272
-30203123 (base 4) to base 3
-2121112102
110100320232 (base 4) to base 6
305504450
Convert -4155 (base 15) to base 3.
-200221022
Convert 513544 (base 12) to base 13.
3565ab
What is -510620 (base 7) in base 2?
-10101001011011000
Convert -3908 (base 10) to base 6.
-30032
Convert -2321312 (base 7) to base 10.
-291020
-33752 (base 13) to base 3
-11202021212
Convert -3a3739 (base 11) to base 2.
-10011010111001001101
Convert 3a5619 (base 11) to base 2.
10011011100000100100
-374416 (base 10) to base 4
-1123122100
Convert 756761 (base 8) to base 5.
31102200
What is -1088480 (base 12) in base 5?
-1302310433
What is -163037 (base 8) in base 3?
-2222210220
Convert -2732757 (base 9) to base 12.
-602a81
Convert 43696 (base 12) to base 5.
10322411
What is -2660641 (base 8) in base 7?
-6224414
What is 1ba7e1 (base 15) in base 5?
321224121
What is -51355401 (base 6) in base 12?
-5b2b61
Convert -9b083 (base 13) to base 5